
False
Is 19232903 a composite number?
False
Is 21449653 composite?
True
Is 76674943 a composite number?
True
Is 2510729 a composite number?
True
Is 6632359 composite?
False
Is 467928343 composite?
False
Is 180049657 composite?
False
Is 34327543 a composite number?
False
Is 544889 a prime number?
True
Is 55142365 a composite number?
True
Is 139490719 prime?
True
Is 9130111 composite?
False
Is 9228721 prime?
False
Is 1954945 prime?
False
Is 922026229 a composite number?
True
Is 18093818 composite?
True
Is 4342787 composite?
True
Is 70568539 a composite number?
False
Is 11719657 a prime number?
False
Is 6837947 composite?
True
Is 23790479 a composite number?
False
Is 127515621 a composite number?
True
Is 8575334 prime?
False
Is 53249633 a prime number?
True
Is 18878287 prime?
False
Is 1493629 composite?
True
Is 588037111 prime?
False
Is 803849 a prime number?
True
Is 23826602 composite?
True
Is 881191 composite?
False
Is 16175722 a prime number?
False
Is 2426183 a prime number?
True
Is 1784571 prime?
False
Is 74246083 prime?
True
Is 2652317 prime?
False
Is 2583839 prime?
True
Is 536267 prime?
True
Is 167431405 a composite number?
True
Is 159546689 prime?
True
Is 19076231 a composite number?
False
Is 2145083 a prime number?
True
Is 429101 a prime number?
True
Is 28812691 prime?
True
Is 633206407 composite?
True
Is 11728523 prime?
True
Is 539337 a prime number?
False
Is 45618379 a prime number?
True
Is 6051061 composite?
False
Is 88850627 composite?
True
Is 11343107 a composite number?
False
Is 3412301 prime?
True
Is 37424347 composite?
True
Is 30683069 a composite number?
True
Is 15405893 composite?
True
Is 29557315 prime?
False
Is 10099811 composite?
True
Is 110364211 composite?
False
Is 3676273 composite?
False
Is 73633247 composite?
False
Is 378481739 composite?
False
Is 3593311 prime?
True
Is 76757293 a prime number?
False
Is 7432081 a composite number?
False
Is 5325487 composite?
True
Is 1766501 composite?
True
Is 34799899 a prime number?
False
Is 24773459 a composite number?
False
Is 24167861 prime?
False
Is 784708811 prime?
True
Is 11834413 composite?
True
Is 7864247 a composite number?
False
Is 758414 composite?
True
Is 2660831 prime?
True
Is 51015269 composite?
True
Is 2230937 prime?
False
Is 13741439 a prime number?
True
Is 325899037 composite?
True
Is 9207487 composite?
True
Is 998537 a prime number?
True
Is 20212273 composite?
True
Is 6290279 a prime number?
True
Is 114435301 prime?
False
Is 19077847 composite?
True
Is 2337343 prime?
True
Is 39970271 prime?
False
Is 7659313 prime?
False
Is 68791169 composite?
False
Is 362017 prime?
False
Is 7878539 prime?
False
Is 956827 composite?
True
Is 41219769 prime?
False
Is 45970871 a prime number?
True
Is 94627261 prime?
False
Is 4122311 composite?
True
Is 57853127 a composite number?
True
Is 1020401 composite?
False
Is 20864819 a composite number?
True
Is 3400439 a composite number?
True
Is 694123 a prime number?
True
Is 20729446 a composite number?
True
Is 3778727 composite?
False
Is 1822593 a prime number?
False
Is 35922937 a composite number?
True
Is 153133117 a prime number?
True
Is 163809103 a composite number?
False
Is 92928167 composite?
False
Is 117196127 a prime number?
False
Is 12150493 composite?
True
Is 610802 a prime number?
False
Is 14753237 a composite number?
False
Is 118767251 prime?
True
Is 1111763 a prime number?
False
Is 493372433 a prime number?
False
Is 5350931 prime?
True
Is 557701 a prime number?
False
Is 25815613 prime?
True
Is 6041809 composite?
False
Is 124677283 a composite number?
True
Is 47046269 a composite number?
True
Is 9604939 a composite number?
False
Is 808307 composite?
False
Is 5266057 prime?
False
Is 30788677 prime?
False
Is 22091945 a prime number?
False
Is 101420239 a prime number?
True
Is 145294679 a prime number?
True
Is 931663 a prime number?
False
Is 4107247 a prime number?
True
Is 661684742 prime?
False
Is 16077379 composite?
False
Is 48579053 a prime number?
False
Is 211421 a composite number?
True
Is 1102860751 composite?
False
Is 1560977 prime?
False
Is 7009279 a composite number?
False
Is 164093107 composite?
True
Is 16861517 a composite number?
False
Is 26696297 a prime number?
True
Is 969109 a composite number?
False
Is 12550819 prime?
True
Is 76257977 prime?
True
Is 73625017 a composite number?
False
Is 51717581 prime?
False
Is 53412883 composite?
False
Is 32186767 prime?
True
Is 474717967 prime?
False
Is 782096314 composite?
True
Is 3005391 a composite number?
True
Is 9369659 a prime number?
False
Is 61200809 a composite number?
False
Is 3119161 prime?
True
Is 13741399 a prime number?
False
Is 416141 prime?
False
Is 1175123 prime?
True
Is 25796477 a composite number?
True
Is 650759 composite?
False
Is 19006259 composite?
True
Is 98137099 prime?
True
Is 346165241 composite?
False
Is 77192273 a composite number?
False
Is 63044779 a prime number?
False
Is 242674657 a prime number?
False
Is 130263359 composite?
False
Is 20725583 composite?
True
Is 264671489 a prime number?
False
Is 54187 a composite number?
True
Is 16250099 prime?
True
Is 88039199 prime?
False
Is 18603257 prime?
True
Is 23068637 prime?
False
Is 152830191 prime?
False
Is 8146907 a prime number?
True
Is 36825611 composite?
False
Is 20796163 a composite number?
True
Is 8167637 a composite number?
False
Is 22436195 composite?
True
Is 4349859 composite?
True
Is 20518159 a prime number?
False
Is 54779 a composite number?
False
Is 363097549 a composite number?
False
Is 1564949 a composite number?
False
Is 147806849 a prime number?
False
Is 2838321755 prime?
False
Is 59669869 a prime number?
False
Is 2171551 prime?
True
Is 46459 a prime number?
False
Is 2035343 a prime number?
True
Is 4826197 prime?
True
Is 93073789 a composite number?
True
Is 18257839 composite?
False
Is 196050073 prime?
True
Is 6036917 prime?
False
Is 3768341 prime?
True
Is 1915013 a composite number?
True
Is 67569371 a composite number?
False
Is 4880573 prime?
True
Is 57214901 a prime number?
False
Is 7978657 a prime number?
True
Is 1201283 a composite number?
False
Is 25544629 a prime number?
False
Is 162587 composite?
True
Is 290508221 a prime number?
True
Is 8386681 composite?
True
Is 2313511 prime?
True
Is 2763463 a composite number?
False
Is 972055811 a composite number?
False
Is 58970843 prime?
False
Is 3132720715 composite?
True
Is 52874597 a composite number?
True
Is 6470221 a composite number?
True
Is 7595513 a composite number?
True
Is 42869501 a prime number?
False
Is 5172682 prime?
False
Is 195985729 a prime number?
False
Is 1541581 a prime number?
True
Is 371733757 a composite number?
True
Is 13609379 a composite number?
True
Is 4341643 composite?
True
Is 902554 a composite number?
True
Is 359078847 a composite number?
True
Is 264547 a composite number?
True
Is 15415189 a composite number?
True
Is 219016489 a prime number?
True
Is 15275321 a prime number?
True
Is 36267061 a prime number?
False
Is 32892079 a prime number?
False
Is 7510033 composite?
False
Is 32064031 prime?
False
Is 399433 prime?
True
Is 31436641 prime?
True
Is 85198837 a composite number?
False
Is 3253421 a prime number?
False
Is 186990311 a prime number?
False
Is 3439031 a composite number?
True
Is 5076899 a prime number?
True
Is 123109787 a prime number?
False
Is 151471 prime?
True
Is 97877953 a composite number?
False
Is 126982253 a composite number?
True
Is 5382617 a prime number?
True
Is 130670513 composite?
False
Is 1548301 composite?
True
Is 138807959 a composite number?
False
Is 32320513 composite?
True
Is 15191837 a composite number?
False
Is 1673215819 prime?
False
Is 4723133 prime?
False
Is 1308947 a composite number?
True
Is 13928867 composite?
False
Is 569496523 prime?
False
Is 307517359 a composite number?
False
Is 10374049 prime?
False
Is 16315945 composite?
True
Is 430519657 prime?
True
Is 82172821 composite?
False
Is 5941877 composite?
False
Is 48395317 composite?
False
Is 446753 a prime number?
True
Is 104316679 a prime number?
False
Is 3854633 prime?
False
Is 808193 composite?
True
Is 15426779 a composite number?
False
Is 28036507 a composite number?
True
Is 115874587 composite?
False
Is 5468469 a prime number?
False
Is 26423863 a composite number?
False
Is 2013257 composite?
True
Is 51855841 a composite number